 7.
5544402
-19560a (base 14) to base 16
-db5aa
-34054 (base 13) to base 5
-11011130
b0a3b (base 14) to base 13
11b349
-121404210 (base 5) to base 9
-1066455
What is -4405057 (base 8) in base 12?
-490213
Convert -64712 (base 13) to base 9.
-305682
Convert 1518670 (base 12) to base 3.
22000201101010
Convert -153650614 (base 7) to base 4.
-213132201013
Convert -10011001110010101101 (base 2) to base 15.
-c69a8
What is 45349b (base 13) in base 11?
a17752
-115da (base 15) to base 13
-1c252
What is 1111315211 (base 6) in base 13?
267cbc5
Convert -13462730 (base 8) to base 14.
-5921cc
What is 7116424 (base 8) in base 16?
1c9d14
11dabbd (base 14) to base 8
40626063
-177945 (base 13) to base 11
-3719a7
Convert 15354152 (base 6) to base 13.
16078a
Convert 11dbb9 (base 14) to base 16.
95f57
911565 (base 12) to base 5
1034401444
What is -111101010110010 (base 2) in base 9?
-47070
100011011010000000000111 (base 2) to base 14
13386b5
Convert -22540644 (base 8) to base 14.
-917616
What is 993416 (base 10) in base 3?
1212110201012
24140021 (base 6) to base 11
479667
1264451 (base 12) to base 2
1101110010101101111101
Convert 1633221 (base 8) to base 7.
4006124
-1100001011100110010 (base 2) to base 16
-61732
What is 77176 (base 10) in base 3?
10220212101
Convert -6666453 (base 8) to base 7.
-21164201
Convert 31b900 (base 14) to base 6.
100031312
Convert -143103220 (base 5) to base 4.
-2313332120
10101011100101001000100 (base 2) to base 5
2414403330
64b2 (base 15) to base 14
7aa9
-810544 (base 9) to base 3
-220100121111
What is -404250 (base 10) in base 3?
-202112112020
What is -32ee7d (base 15) in base 7?
-26440144
Convert 40400112 (base 5) to base 14.
86648
Convert 3420344 (base 5) to base 2.
1110110100110100
-433300543 (base 6) to base 16
-75d32f
Convert 2025304 (base 6) to base 8.
275510
What is -20420020 (base 6) in base 2?
-10010000111010101100
Convert -1b1433 (base 14) to base 7.
-11123263
-1365ac5 (base 13) to base 11
-35037a2
What is -1008614 (base 10) in base 5?
-224233424
472bd1 (base 16) to base 6
243545505
What is -115855 (base 10) in base 16?
-1c48f
-2129c (base 14) to base 10
-80106
Convert 64055 (base 12) to base 10.
131393
What is -135358 (base 10) in base 2?
-100001000010111110
What is 2201121022 (base 3) in base 7?
312302
12023322 (base 4) to base 10
25338
1110010001000010 (base 2) to base 10
58434
1103213333 (base 4) to base 7
2624423
Convert -10101010010001000111001 (base 2) to base 7.
-65265146
What is -101011001111010110 (base 2) in base 5?
-21131420
What is -5343330 (base 8) in base 5?
-331132120
Convert -30404114 (base 5) to base 4.
-330121301
1751152 (base 10) to base 9
3258114
What is 121bd (base 14) in base 5?
2404032
Convert -3811a4 (base 11) to base 2.
-10010010111011110111
What is 58476 (base 9) in base 16?
9876
-3634831 (base 9) to base 10
-1971892
What is -205451266 (base 7) in base 16?
-ba1ec1
-4035543 (base 8) to base 14
-1d9963
-55025732 (base 8) to base 14
-17d5158
What is 11100000001010110 (base 2) in base 8?
340126
What is -4212331340 (base 5) in base 13?
-1a61786
What is 1500492 (base 10) in base 11?
935384
Convert 32142300 (base 6) to base 5.
220242440
131321201 (base 4) to base 5
12404330
What is 262404 (base 7) in base 12?
24376
Convert -170454 (base 10) to base 14.
-46194
What is -141013433 (base 7) in base 14?
-130d81a
22341023 (base 5) to base 10
199513
-46121772 (base 8) to base 13
-20c3302
36753 (base 13) to base 8
303424
Convert -117033 (base 8) to base 13.
-15566
What is 18cb4 (base 13) in base 14?
1386c
Convert 111111111011000001 (base 2) to base 3.
111022011020
413204 (base 6) to base 9
50384
Convert 112411224 (base 5) to base 15.
a215e
What is 738132 (base 11) in base 2?
100100000100110000100
-889a80 (base 11) to base 14
-28d0bb
What is -622794 (base 14) in base 8?
-14502256
What is 20241102 (base 5) in base 7?
1255331
-271358 (base 9) to base 12
-7b622
Convert -10010100011101110 (base 2) to base 16.
-128ee
What is -102220211100020 (base 3) in base 8?
-30124102
What is -100100111110011100011000 (base 2) in base 3?
-200020110020020
Convert -7403517 (base 8) to base 3.
-10200222112002
31330201 (base 4) to base 8
157441
What is -19649 (base 10) in base 3?
-222221202
Convert -451a (base 13) to base 11.
-7289
What is 33042325 (base 7) in base 5?
1211142112
1c0385 (base 13) to base 12
2a5695
What is 33079 (base 11) in base 15?
e352
What is 1326718 (base 9) in base 14?
14cb6c
Convert -81db3 (base 15) to base 6.
-12452540
What is 1221211221001 (base 3) in base 11?
6505a4
Convert 3956d (base 15) to base 7.
1362631
Convert -5413a (base 13) to base 8.
-450403
Convert -11a6018 (base 12) to base 7.
-41226533
Convert 2002122201021 (base 3) to base 7.
12323125
-1101110200000 (base 3) to base 4
-2310003201
What is 1111011111010010101111 (base 2) in base 7?
46340466
What is -45577234 (base 8) in base 9?
-20552158
-1472886 (base 9) to base 11
-50797a
What is -3104414 (base 6) in base 9?
-246051
101000001010101011100 (base 2) to base 7
14121166
What is 320221042 (base 5) in base 6?
44344044
What is -300d25 (base 16) in base 11?
-1860a62
Convert 1420265 (base 7) to base 10.
189824
Convert -20c2328 (base 14) to base 3.
-1002012210220120
Convert 34223320 (base 5) to base 9.
514135
b2b664 (base 12) to base 15
3a4317
-686083 (base 9) to base 7
-3331632
16c9a (base 13) to base 8
125572
What is a978224 (base 11) in base 9?
40243074
What is 10516 (base 15) in base 14?
14c1d
Convert -31021333000 (base 4) to base 2.
-1101001001111111000000
What is -1113204344 (base 5) in base 7?
-30020330
Convert 310101300 (base 4) to base 9.
355650
Convert -2231313000 (base 5) to base 7.
-60025202
What is 1661264 (base 7) in base 15?
4923e
What is 1322222 (base 6) in base 13?
27368
What is 224254050 (base 6) in base 9?
7682403
e5b0c (base 15) to base 7
6121530
Convert -1130320 (base 8) to base 15.
-6113d
Convert 2342402 (base 6) to base 15.
26402
Convert 143728 (base 9) to base 15.
1b168
548154 (base 9) to base 7
2532445
Convert 100101010011100001110011 (base 2) to base 13.
20452a0
403023133 (base 5) to base 11
a00445
What is -232111324 (base 6) in base 10?
-4301764
b2972c (base 13) to base 9
7743581
303da (base 14) to base 15
245a3
What is 31152450 (base 6) in base 8?
3340316
Convert 10052617 (base 9) to base 13.
cc8b3c
Convert -333012311 (base 4) to base 10.
-258485
Convert -2261243 (base 7) to base 3.
-112102021202
What is 57044 (base 10) in base 12?
29018
What is -5500010 (base 7) in base 15?
-d42e2
Convert -22210130 (base 5) to base 14.
-50bcb
What is 783a6 (base 16) in base 2?
1111000001110100110
Convert -1446645 (base 7) to base 2.
-110000000100000010
Convert 120011200012012 (base 3) to base 14.
10dc8c1
What is -132465 (base 8) in base 16?
-b535
What is 442570 (base 8) in base 6?
3105052
-11da827 (base 15) to base 13
-287903b
Convert 1011001110111010101 (base 2) to base 11.
231603
-320044230 (base 5) to base 10
-1331190
-21021010200212 (base 3) to base 9
-7233625
Convert 59489 (base 11) to base 7.
505021
What is -13379 (base 12) in base 10?
-26445
What is -b9142 (base 13) in base 8?
-1214527
-8023444 (base 9) to base 16
-411cc1
-797971 (base 15) to base 8
-26072216
21211010233 (base 4) to base 16
26512f
Convert -64244065 (base 7) to base 9.
-11235807
What is -5cd4b (base 16) in base 7?
-3142362
Convert -43230444 (base 6) to base 14.
-254324
What is 628 (base 11) in base 14?
3c0
-23163d (base 14) to base 7
-13104406
Convert 149aa15 (base 12) to base 9.
7781028
20101020120202 (base 3) to base 10
3390275
-56404 (base 11) to base 8
-237417
What is 423463 (base 8) in base 16?
22733
Convert -1da8ae (base 16) to base 9.
-3582255
30847 (base 9) to base 15
6084
What is -6822052 (base 9) in base 11?
-2090644
What is 25ef0 (base 16) in base 7?
1214664
Convert -2023110031 (base 4) to base 11.
-35a801
What is 812931 (base 10) in base 4?
3012132003
What is 1519513 (base 12) in base 10?
4267167
3571611 (base 8) to base 10
979849
123401566 (base 7) to base 5
4001121243
536165 (base 7) to base 6
2000212
-188425 (base 11) to base 12
-11b536
1312352 (base 6) to base 9
118505
16535032 (base 7) to base 12
662a91
What is -71a631 (base 11) in base 12?
-479030
Convert 4876941 (base 10) to base 7.
56311326
What is -63456623 (base 7) in base 3?
-101010010012222
-24323